{"id":28,"date":"2014-08-05T17:26:33","date_gmt":"2014-08-05T17:26:33","guid":{"rendered":"http:\/\/www.gebeli.com.br\/?page_id=28"},"modified":"2019-02-20T19:51:19","modified_gmt":"2019-02-20T19:51:19","slug":"empresa","status":"publish","type":"page","link":"http:\/\/www.gebeli.com.br\/?page_id=28","title":{"rendered":"EMPRESA"},"content":{"rendered":"<h3>EMPRESA<\/h3>\n<p style=\"text-align: justify;\">Ol\u00e1, a&nbsp;GEBELI&nbsp;atua no mercadode produtos para audio, v\u00eddeo,inform\u00e1tica, al\u00e9m de atuar na \u00e1rea de energia e\u00f3lica e solar..<br \/>\nPossu\u00edmos um variado estoque com itens selecionados entre os mais conceituados fabricantes internacionais atendendo \u00e0s necessidades de diversos segmentos industriais.<span class=\"maior\">Em rela\u00e7\u00e3o aos segmentos de produtos que comercializamos:<\/span><\/p>\n<div>\n<ul>\n<li><span style=\"color: #000000;\">Conversores de \u00c1udio e V\u00eddeo;<\/span><\/li>\n<li><span style=\"color: #000000;\">Antenas;<\/span><\/li>\n<li><span style=\"color: #000000;\">Alarmes e toda linha para sua seguran\u00e7a;<\/span><\/li>\n<li><span style=\"color: #000000;\">Fios e Cabos;<\/span><\/li>\n<li><span style=\"color: #000000;\">Componentes Eletr\u00f4nicos;<\/span><\/li>\n<li><span style=\"color: #000000;\">Semicondutores;<\/span><\/li>\n<li><span style=\"color: #000000;\">Transistores;<\/span><\/li>\n<li><span style=\"color: #000000;\">Diodos;<\/span><\/li>\n<li><span style=\"color: #000000;\">Cristais;<\/span><\/li>\n<li><span style=\"color: #000000;\">SMD\u00b4s<\/span><\/li>\n<\/ul>\n<p style=\"text-align: justify;\">A GEBELI tem por compromisso satisfazer as necessidades de seus clientes, atrav\u00e9s da excel\u00eancia na presta\u00e7\u00e3o de servi\u00e7os , fornecendo solu\u00e7\u00f5es e tecnologia, atendendo aos requisitos e melhorando continuamente a efic\u00e1cia de seu sistema de gest\u00e3o de qualidade.<\/p>\n<\/div>\n","protected":false},"excerpt":{"rendered":"<p>EMPRESA Ol\u00e1, a&nbsp;GEBELI&nbsp;atua no mercadode produtos para audio, v\u00eddeo,inform\u00e1tica, al\u00e9m de atuar na \u00e1rea de energia e\u00f3lica e solar.. Possu\u00edmos um variado estoque com itens selecionados entre os mais conceituados fabricantes internacionais atendendo \u00e0s necessidades de diversos segmentos industriais.Em rela\u00e7\u00e3o aos segmentos de produtos que comercializamos: Conversores de \u00c1udio e V\u00eddeo; Antenas; Alarmes e toda linha para sua seguran\u00e7a; Fios<\/p>\n","protected":false},"author":1,"featured_media":0,"parent":0,"menu_order":200,"comment_status":"closed","ping_status":"closed","template":"template-fullwidth.php","meta":[],"_links":{"self":[{"href":"http:\/\/www.gebeli.com.br\/index.php?rest_route=\/wp\/v2\/pages\/28"}],"collection":[{"href":"http:\/\/www.gebeli.com.br\/index.php?rest_route=\/wp\/v2\/pages"}],"about":[{"href":"http:\/\/www.gebeli.com.br\/index.php?rest_route=\/wp\/v2\/types\/page"}],"author":[{"embeddable":true,"href":"http:\/\/www.gebeli.com.br\/index.php?rest_route=\/wp\/v2\/users\/1"}],"replies":[{"embeddable":true,"href":"http:\/\/www.gebeli.com.br\/index.php?rest_route=%2Fwp%2Fv2%2Fcomments&post=28"}],"version-history":[{"count":2,"href":"http:\/\/www.gebeli.com.br\/index.php?rest_route=\/wp\/v2\/pages\/28\/revisions"}],"predecessor-version":[{"id":455,"href":"http:\/\/www.gebeli.com.br\/index.php?rest_route=\/wp\/v2\/pages\/28\/revisions\/455"}],"wp:attachment":[{"href":"http:\/\/www.gebeli.com.br\/index.php?rest_route=%2Fwp%2Fv2%2Fmedia&parent=28"}],"curies":[{"name":"wp","href":"https:\/\/api.w.org\/{rel}","templated":true}]}}