{"id":266,"date":"2017-06-19T14:55:44","date_gmt":"2017-06-19T14:55:44","guid":{"rendered":"http:\/\/www.gebeli.com.br\/?page_id=266"},"modified":"2017-07-10T17:26:16","modified_gmt":"2017-07-10T17:26:16","slug":"turbinas-eolicas","status":"publish","type":"page","link":"http:\/\/www.gebeli.com.br\/?page_id=266","title":{"rendered":"ENERGIA E\u00d3LICAS"},"content":{"rendered":"<div id=\"post-17\" class=\"post-17 page type-page status-publish hentry\">\n<div class=\"storycontent\">\n<p><a href=\"http:\/\/www.gebeli.com.br\/wp-content\/uploads\/2017\/05\/header_lampada.png\"><img decoding=\"async\" loading=\"lazy\" class=\"alignleft wp-image-258 \" src=\"http:\/\/www.gebeli.com.br\/wp-content\/uploads\/2017\/05\/header_lampada-196x300.png\" alt=\"\" width=\"122\" height=\"187\" data-id=\"258\" srcset=\"http:\/\/www.gebeli.com.br\/wp-content\/uploads\/2017\/05\/header_lampada-196x300.png 196w, http:\/\/www.gebeli.com.br\/wp-content\/uploads\/2017\/05\/header_lampada.png 199w\" sizes=\"(max-width: 122px) 100vw, 122px\" \/><\/a>A <strong>Gebeli<\/strong>&nbsp;est\u00e1 no mercado a mais de 20 anos a agora atuando fortemente nas mais inovadoras formas de gera\u00e7\u00e3o limpa e alternativa. Tanto no comercio quanto na instala\u00e7\u00e3o completa destes equipamentos a Gebeli tem o compromisso de satisfazer as necessidades de seus clientes, atrav\u00e9s da excel\u00eancia em todos seus ramos de atua\u00e7\u00e3o com honestidade, compet\u00eancia e m\u00e9todos de engenharia bem definidos e seriamente implantados em cada servi\u00e7o oferecido.<\/p>\n<\/div>\n<\/div>\n<p><b><span class=\"wsw-01\">A energia e\u00f3lica contribui com o meio ambiente. <\/span><\/b><\/p>\n<p><b><span class=\"wsw-01\">Desenvolvendo solu\u00e7\u00f5es em fontes renov\u00e1veis, proporcionando grande economia e Sustentabilidade.<\/span><\/b><\/p>\n<ul>\n<li>Produto com Tecnologia de ponta<\/li>\n<li>Mais de 10 anos no mercado<\/li>\n<li>Assist\u00eancia t\u00e9cnica permanente<\/li>\n<li>Garantia de 2 anos<\/li>\n<li>Turbinas com a melhor peso\/pot\u00eancia do mercado<\/li>\n<\/ul>\n<div class=\"centro_box\">\n<div class=\"city1\"><a href=\"http:\/\/www.gebeli.com.br\/wp-content\/uploads\/2017\/06\/Tubina_01.jpg\"><img decoding=\"async\" loading=\"lazy\" class=\"size-medium wp-image-268 aligncenter\" src=\"http:\/\/www.gebeli.com.br\/wp-content\/uploads\/2017\/06\/Tubina_01-300x200.jpg\" alt=\"\" width=\"300\" height=\"200\" data-id=\"268\" srcset=\"http:\/\/www.gebeli.com.br\/wp-content\/uploads\/2017\/06\/Tubina_01-300x200.jpg 300w, http:\/\/www.gebeli.com.br\/wp-content\/uploads\/2017\/06\/Tubina_01.jpg 700w\" sizes=\"(max-width: 300px) 100vw, 300px\" \/><\/a><\/div>\n<div class=\"city\">\n<p><a href=\"http:\/\/www.gebeli.com.br\/wp-content\/uploads\/2017\/06\/Tubina_02.jpg\"><img decoding=\"async\" loading=\"lazy\" class=\"size-medium wp-image-267 aligncenter\" src=\"http:\/\/www.gebeli.com.br\/wp-content\/uploads\/2017\/06\/Tubina_02-276x300.jpg\" alt=\"\" width=\"276\" height=\"300\" data-id=\"267\" srcset=\"http:\/\/www.gebeli.com.br\/wp-content\/uploads\/2017\/06\/Tubina_02-276x300.jpg 276w, http:\/\/www.gebeli.com.br\/wp-content\/uploads\/2017\/06\/Tubina_02.jpg 350w\" sizes=\"(max-width: 276px) 100vw, 276px\" \/><\/a><\/p>\n<\/div>\n<\/div>\n","protected":false},"excerpt":{"rendered":"<p>A Gebeli&nbsp;est\u00e1 no mercado a mais de 20 anos a agora atuando fortemente nas mais inovadoras formas de gera\u00e7\u00e3o limpa e alternativa. Tanto no comercio quanto na instala\u00e7\u00e3o completa destes equipamentos a Gebeli tem o compromisso de satisfazer as necessidades de seus clientes, atrav\u00e9s da excel\u00eancia em todos seus ramos de atua\u00e7\u00e3o com honestidade, compet\u00eancia e m\u00e9todos de engenharia bem<\/p>\n","protected":false},"author":3,"featured_media":0,"parent":257,"menu_order":200,"comment_status":"closed","ping_status":"closed","template":"template-fullwidth.php","meta":[],"_links":{"self":[{"href":"http:\/\/www.gebeli.com.br\/index.php?rest_route=\/wp\/v2\/pages\/266"}],"collection":[{"href":"http:\/\/www.gebeli.com.br\/index.php?rest_route=\/wp\/v2\/pages"}],"about":[{"href":"http:\/\/www.gebeli.com.br\/index.php?rest_route=\/wp\/v2\/types\/page"}],"author":[{"embeddable":true,"href":"http:\/\/www.gebeli.com.br\/index.php?rest_route=\/wp\/v2\/users\/3"}],"replies":[{"embeddable":true,"href":"http:\/\/www.gebeli.com.br\/index.php?rest_route=%2Fwp%2Fv2%2Fcomments&post=266"}],"version-history":[{"count":1,"href":"http:\/\/www.gebeli.com.br\/index.php?rest_route=\/wp\/v2\/pages\/266\/revisions"}],"predecessor-version":[{"id":269,"href":"http:\/\/www.gebeli.com.br\/index.php?rest_route=\/wp\/v2\/pages\/266\/revisions\/269"}],"up":[{"embeddable":true,"href":"http:\/\/www.gebeli.com.br\/index.php?rest_route=\/wp\/v2\/pages\/257"}],"wp:attachment":[{"href":"http:\/\/www.gebeli.com.br\/index.php?rest_route=%2Fwp%2Fv2%2Fmedia&parent=266"}],"curies":[{"name":"wp","href":"https:\/\/api.w.org\/{rel}","templated":true}]}}